 Suppose -5*x - i + 77 = -0*x, x - c*i = 31. What is the highest common divisor of x and o?
16
Let l(k) = -k**3 + 22*k**2 + 83*k - 44. Let v be l(25). What is the greatest common divisor of v and 36?
12
Suppose -2 = 2*v, 0 = 4*a - 5*a + 3*v. Let c be a/((-18)/4) + (-1424)/(-24). Calculate the highest common divisor of 300 and c.
60
Let t(p) = -2*p**3 - 45*p**2 + 14*p - 172. Let x be t(-24). Calculate the greatest common divisor of 180 and x.
20
Suppose 0 = -5*b - 12*d + 8*d + 108, -4*b - 4*d + 84 = 0. Suppose 5*r = s - 16, -4*r + 7*r = 3*s - b. What is the greatest common divisor of s and 4?
2
Let c(f) = -2*f - 1. Let k be c(3). Let u(m) = -8*m - 18. Let y be u(k). Suppose 0 = -4*g + 50 + y. What is the greatest common factor of 198 and g?
22
Suppose -3*w + 41 - 17 = 0. Let t be w + -6 + (-2)/(-2). Let c = 10 + 2. What is the greatest common divisor of c and t?
3
Suppose i + 11 = 17. Suppose -i*z + 7*z = 0. Let o be z/1 - (0 + -14). What is the highest common factor of o and 56?
14
Suppose -680 = -8*l + 360. What is the highest common divisor of l and 663?
13
Suppose 0 = -4*q, s = 9*q + 6*q - 12*q. Suppose 3*l = 15, -3*l = -s*a + a - 47. Let g = 70 + -46. What is the highest common factor of a and g?
8
Let s(f) = -4*f**3 + 24*f**2 + f - 4. Let k be s(6). Suppose -7*m - k*m = -18. Calculate the greatest common factor of m and 10.
2
Let s be ((-31)/(279/(-3)))/(1/1767). Calculate the highest common factor of 133 and s.
19
Suppose 108 - 273 = -3*q. Let x be (-6 - -3)*4/6*-10. What is the greatest common factor of q and x?
5
Suppose 0 = 2*a - 5*s - 99, -207 = -5*a + 3*s - 4*s. Let v = 15 - 13. Let u be ((-21)/12)/(v/(-32)). What is the greatest common divisor of u and a?
14
Let z be (-42)/(-4) + (-3220)/920. Let h = -617 + 1030. What is the highest common divisor of h and z?
7
Let o(b) = 26*b**3 + 2*b**2 - 1. Let s be o(-1). Let u be 10/s - 1562/(-55). What is the highest common factor of u and 154?
14
Suppose o = 4*d + 1292, 4*d - 25 + 5 = 0. Calculate the highest common factor of o and 32.
32
Let v(h) = -h + 4. Let c be v(2). Let b = 2 + 1. Suppose 4*g - 16 = b*k - 7*k, 0 = -4*g + c*k + 34. Calculate the highest common factor of 35 and g.
7
Suppose -2*k - 84 = -8*k. Let i = -11 + k. Suppose 12 = 12*f - 8*f. What is the highest common divisor of f and i?
3
Suppose -1575 = -159*n + 68*n + 76*n. Let t(s) = 34*s**2 + 1. Let v be t(1). What is the highest common divisor of n and v?
35
Suppose 5*r + 14 = 959. Let f be ((-12)/10)/(r/(-35) + 5). Calculate the greatest common divisor of 96 and f.
3
Let n be 1/5 + 122/(-10) + 0. Let o be ((190/3)/5)/(n/(-126)). What is the greatest common divisor of 57 and o?
19
Let l(j) = 2*j + 24. Let n be l(-9). Suppose -n*x + 86 = -40. What is the highest common factor of x and 651?
21
Let h(d) = -5*d**3 + 3*d**2 - 2*d - 20. Let p be h(-2). Calculate the highest common divisor of 1908 and p.
36
Let k = 26218 - 26111. What is the highest common factor of k and 11663?
107
Suppose 2 = g - 40. Let o(c) = -c**3 - 9*c**2 + 23*c + 14. Let l be o(-11). Let r be 4/l*(-4 - 119/(-14)). Calculate the highest common divisor of g and r.
6
Suppose p - 3*s - 3482 = 0, 17*p = 20*p + 4*s - 10511. Let i = p - 2314. What is the highest common divisor of i and 91?
91
Let t(s) = s**2 + 19*s + 36. Let d be t(-17). Suppose -2*k = 25*f - 20*f - 114, -d*k + f + 102 = 0. Calculate the greatest common factor of k and 4.
4
Let w(s) = -5*s**2 - 27*s - 6. Let d be w(-5). Let l be 1*(19 - (0 - (d + -8))). What is the greatest common factor of l and 30?
15
Suppose -5*j - 4*z = -2*z - 122, -3*j + 73 = z. Let q be 231/9 + 325/(-195). Calculate the greatest common factor of q and j.
24
Suppose 10*h - 5098 + 5398 = 0. Suppose 0 = 3*u - u - 192. Let m = h + u. What is the highest common factor of m and 6?
6
Let a be -5 + (-132)/(3 - 6) + -6. Calculate the highest common divisor of 7557 and a.
33
Let h(a) = -6 - 2*a**2 + 9*a + a**2 - 3*a + 2. Let c be h(4). Let j be ((-28)/(-6))/(c/(-108)*-1). What is the greatest common factor of j and 14?
14
Let f be (21/(-63) - (-1 + 3013/6))*-2. Calculate the greatest common divisor of f and 236.
59
Suppose -t + 106 = 2*u + 26, 40 = u + 2*t. Let j = u + -37. Let i be ((-25)/(2000/(-288)))/((-4)/(-10)). What is the highest common factor of j and i?
3
Let q be (1 - (1 + -2)) + 0. Let i(l) = 5*l + 5. Let x be i(q). Suppose 99 = -4*m + x*m. What is the highest common divisor of 63 and m?
9
Let n(f) = 2*f - 17. Let j be n(7). Let t be (-4)/(-6) - 85/j. Suppose -74*l = -97*l + 2668. What is the highest common divisor of l and t?
29
Suppose -h + 17 = -2*h + 2*i, -3*h = 4*i + 41. Let z be ((-35)/h)/(219/54 + -4). Calculate the highest common divisor of 3 and z.
3
Let p(y) = 3*y**2 + 55*y + 170. Let z be p(-15). What is the greatest common divisor of z and 8620?
20
Let h be (2 + -294 - 7)/1. Let m = -285 - h. Calculate the highest common divisor of m and 14.
14
Let n(b) = b**2 - 2*b - 18. Let y be (36/(-27))/(3/9). Let c be n(y). Let i be c/9*432/3. Calculate the highest common factor of i and 12.
12
Let g(w) = 869*w + 10582. Let k be g(-12). What is the greatest common divisor of k and 4422?
22
Let x(k) = -k**3 + 24*k**2 + 11*k - 125. Let s be x(17). Calculate the greatest common factor of 45 and s.
15
Let t = 19079 - 17441. What is the highest common divisor of t and 30?
6
Suppose 2*i = -5*y + 7*i + 25, 0 = y + 2*i + 4. Suppose -r - r = -y*f + 64, 4*r = 5*f - 124. Let o = -34 - r. Calculate the greatest common divisor of 38 and o.
2
Suppose -38 = 12*v - 98. Suppose -112 = -0*p - 4*p + 4*q, -v*p + 2*q = -155. What is the greatest common divisor of 220 and p?
11
Let r(x) = 33*x**2 + 29*x - 24. Let p be r(3). Calculate the highest common factor of 150 and p.
30
Suppose 4*t - 52 = v, 3*t + 4*v - 54 = -15. Let o(y) = -y + 40. Let s be o(14). Suppose -4*j = -3*j - s. What is the highest common divisor of j and t?
13
Let r = 11412 - 11169. Calculate the greatest common divisor of 2241 and r.
27
Let u(b) = -2*b**2 - 11*b - 3. Let l be u(-5). Suppose l*t + 245 + 63 = 0. Let m = t - -226. What is the highest common factor of 9 and m?
9
Let f(v) = 2*v**3 + 7*v**2 + 7*v - 10. Let k be f(-5). Let j = k - -122. Suppose -2*t - 2 = -6. Calculate the greatest common divisor of t and j.
2
Suppose 2640 = 47*o - 36*o. What is the highest common divisor of 290 and o?
10
Suppose 0 = 10*t - 12*t + 10, -3*t - 29841 = -3*k. What is the highest common factor of 80 and k?
16
Let b = -2 + 4. Suppose 3*a = -2*v - 3*v - 1510, 0 = -3*a - v - 1526. Let f = a + 517. What is the greatest common divisor of f and b?
1
Suppose 0 = 23*d - 27*d - 228. Let c = -22 - d. Let z(x) = x + 10. Let v be z(-5). Calculate the highest common factor of c and v.
5
Let n(m) = 586*m - 5846. Let k be n(10). Calculate the highest common factor of k and 2422.
14
Suppose -28710 = -3*k - 52*k. What is the greatest common factor of 1160 and k?
58
Suppose -8 = -5*r - 3*a + 2, 0 = -5*r - 2*a + 15. Suppose 0 = 4*g + 3*u - 9, -2*g - 4*u + u + 3 = 0. What is the greatest common divisor of r and g?
1
Let j(g) = 5*g**3 + g**2 - g - 2. Let f be j(2). Let c be 2/((-3)/2*16/12). Let t be 276 + (c - 7) + 12. What is the highest common divisor of f and t?
40
Let y(s) = -7*s**2 + 46*s + 32. Let q be y(5). Suppose -4 = -0*a - 4*a, -227 = -2*z + 5*a. What is the highest common divisor of q and z?
29
Let h(u) = 69*u - 9. Suppose -4*q + 3 = 2*j + j, 4*j - 2*q - 4 = 0. Let m be h(j). Calculate the greatest common divisor of m and 75.
15
Suppose 5*h + 35 = 0, h - 469 = -5*q - 131. What is the greatest common factor of 46 and q?
23
Let z(o) = -10*o + 36. Let h be z(-6). Let d(i) = 24*i - 330. Let x be d(14). What is the highest common divisor of h and x?
6
Let d(n) = 2*n**3 - 22*n**2 + 22*n - 14. Let o be d(10). Let b be (-2 + 8)*20/o. Calculate the greatest common divisor of 12 and b.
4
Let q(l) = -11*l - 7. Let m be q(-7). Suppose -63*v + 21*v + 1218 = -13*v. Calculate the greatest common factor of m and v.
14
Suppose -x - 4 = -0*x, 3*c - 2*x - 1088 = 0. Calculate the greatest common divisor of 30 and c.
30
Let c be (-10117091)/(-561) + 36/(-1188). What is the greatest common factor of c and 284?
142
Suppose b - 81*d = -86*d + 150, -3*d - 150 = -b. What is the greatest common divisor of b and 62?
